6 + w. List the prime factors of v.
5
Let f = -15 + 23. Suppose 0 = -2*y - f, 0*t - 5*t - y + 246 = 0. What are the prime factors of t?
2, 5
Let d(a) = a**2 - 26*a + 38. Let t be d(21). Let j = 22 - t. What are the prime factors of j?
89
Let w = -227 - -312. List the prime factors of w.
5, 17
Suppose -3*j = -4*j + 70. Let d = -29 + j. What are the prime factors of d?
41
Let k(l) = 23*l - 9. Let v(g) = -g**3 + g**2 + 4*g + 8. Let o be v(0). What are the prime factors of k(o)?
5, 7
Let s(l) = -l**3 - 21*l**2 - 14*l - 25. What are the prime factors of s(-22)?
13, 59
Let t = 100 - 27. What are the prime factors of t?
73
Let h(k) = 61*k**2 - 15*k + 50. List the prime factors of h(5).
2, 3, 5
Let x(l) = 5*l**2 - 21*l - 159. What are the prime factors of x(14)?
17, 31
Let l be 1/(-2)*-78 + 3. Let g be 1/2 + l/4. Suppose -h = j - g, 0*h = 3*h - 4*j - 54. What are the prime factors of h?
2, 7
List the prime factors of 1704 + (-1)/(-4)*32/(-8).
13, 131
Suppose -2*g + 1642 = 2*m, g - 17*m - 826 = -19*m. What are the prime factors of g?
2, 3, 17
What are the prime factors of 9795/(-2)*(-96)/144 - -6?
3271
Suppose -9 = 4*q + 5*f, -5*q + 2*f = -f - 35. Let z be 14/(-4)*(2 - q). Let v(d) = d**3 - 7*d**2 + 2*d + 7. What are the prime factors of v(z)?
3, 7
Let w(j) = -j**2 + 4*j + 1053. What are the prime factors of w(0)?
3, 13
Let b(z) = -46*z**2 + 2*z. Let o = -9 - -4. Let t(g) = 23*g**2 - g. Let k(r) = o*t(r) - 3*b(r). What are the prime factors of k(-1)?
2, 3
Suppose -12*b + 10*b + 6 = 0. Let u = 7 - b. List the prime factors of u.
2
Let i = -18 + 8. Let o(r) be the second derivative of -r**5/20 - 5*r**4/6 - 2*r**3/3 - 11*r**2/2 + 21*r. What are the prime factors of o(i)?
29
Suppose 2*d - 3*l - 2 + 9 = 0, -2*d = -5*l - 3. Suppose 2*c = 5*c + 75. Let v = d - c. What are the prime factors of v?
2, 7
Suppose -962 = -2*l - 4*s, -964 = -17*l + 15*l - 3*s. What are the prime factors of l?
5, 97
What are the prime factors of -9*((-12)/30 + (-2708)/30)?
2, 3, 17
Let g(f) = 7*f + 5. Let m(v) = 6*v + 7 + 3 + 9*v - 1. Let i(t) = 13*g(t) - 6*m(t). What are the prime factors of i(12)?
23
Suppose 16*h + 60 = 13*h. Let g = 38 + h. List the prime factors of g.
2, 3
Let t(w) = -12*w + 624. List the prime factors of t(21).
2, 3, 31
Suppose -f - 18*f = -67754. What are the prime factors of f?
2, 1783
Suppose 4*u = -u + 20. Let x be 42/49 - (-390)/35. List the prime factors of (u/x)/((-2)/(-162)).
3
Let o(g) = -22*g - 39. Let z = -96 + 87. List the prime factors of o(z).
3, 53
Suppose -3*x = 5*b - 67, 3*x - x - 46 = -2*b. List the prime factors of x.
2, 3
Let o = 1842 + -1222. List the prime factors of o.
2, 5, 31
Let c(y) = -y + 5. Let l be c(3). Let u(w) = 0*w**l - 3*w**2 + 11*w + 3*w**2 - w**3 + 7*w**2. List the prime factors of u(8).
2, 3
Let y = 12 + -12. Suppose 5 - 19 = -2*u + 2*z, y = 5*z + 15. Let j(o) = -o**3 + 5*o**2 + 4*o - 2. What are the prime factors of j(u)?
2, 3, 5
Suppose -7*t + 2*t - 30 = 0. Let n be 48 + (3 - (-3 - t)). List the prime factors of (n/(-14))/(4/(-28)).
2, 3
Suppose 0 = 2*n - 4*v + 62, -2*v + 67 = -2*n + v. Let a be (-4*(-3)/18)/(1/(-3)). Let c = a - n. List the prime factors of c.
3, 13
Let x = 39 + 14. Suppose x = -5*i - 22. Let y = i - -35. List the prime factors of y.
2, 5
Suppose 0*s = -3*s + 4*a + 1036, -s + 4*a + 356 = 0. What are the prime factors of s?
2, 5, 17
List the prime factors of -5 + 2860 - (-21 - -26).
2, 3, 5, 19
Let d = 51 + -133. Let t = 156 + d. What are the prime factors of t?
2, 37
Let q be ((-7)/(-7))/((-3)/(-12)). Let w be 2 + (-3 + q - 4). What are the prime factors of (w + 1)*-1 - -14?
2, 7
Suppose -331 = -9*n + 2729. List the prime factors of n.
2, 5, 17
Suppose -4*o - 2*o + 1224 = 0. Suppose h - o = -3*h. List the prime factors of h.
3, 17
Let v be (-6)/5*20/(-8). Suppose 0 = 5*w - 18 + v. List the prime factors of 2*((-18)/(-4) - w).
3
Suppose -3*w = -4*r - 83, -4*r + 7*r - 2*w = -62. List the prime factors of (8/r)/(1/(-120)).
2, 3
Let a(c) be the second derivative of -c**6/144 + 3*c**5/40 + c**4/4 - 7*c. Let f(p) be the third derivative of a(p). List the prime factors of f(-6).
3, 13
Let a = 287 + -84. Let x = 350 - a. What are the prime factors of x?
3, 7
Let s(m) = -7*m**3 + m**2 - 3*m - 6. Let z be s(-4). Suppose z = 18*x - 13*x. Suppose 2*v = 4, p - 3*v = -4*p + x. List the prime factors of p.
2, 5
Let s = 65 - 71. Let k(p) be the third derivative of -5*p**4/24 - 11*p**3/6 + p**2. List the prime factors of k(s).
19
Let i(z) = z - 4. Let v(b) = -2*b + 5. Let g(c) = -6*i(c) - 5*v(c). Let r be g(-1). Let h = -3 - r. List the prime factors of h.
2
Suppose 11*i = -0*i - 3674. List the prime factors of ((-35)/10 + 3)*i.
167
Let u(z) = 9*z**2 + 21*z + 13. List the prime factors of u(-11).
13, 67
Let m(k) = 15*k**2 - 44*k + 8. List the prime factors of m(-6).
2, 7, 29
Let c(y) = 4*y**2 - y. Let v be c(1). Suppose -d + v*d = 4. Suppose d*b - 50 = -0*b. List the prime factors of b.
5
Suppose -3*o = z - 6, -2*o - 4*z - 15 = -3*o. Suppose -i - o*i = -72. Suppose -i*k + 17*k + 3 = 0. List the prime factors of k.
3
Let p(t) = -t - 12. Let a be p(-8). Let x(l) = -3*l**2 + l + 7. Let k be x(a). Let y = k - -109. List the prime factors of y.
2
List the prime factors of 8/84 + 0 + 104786/42.
5, 499
Let k be 0 + -3 + 3 + -8. Let z(n) = -21*n - 13. Let w be z(-2). Let s = k + w. What are the prime factors of s?
3, 7
Let j(b) = -157*b + 65. What are the prime factors of j(-4)?
3, 7, 11
Let s(d) = 4*d + 7. Let k be s(-4). Let w = k - -35. What are the prime factors of w?
2, 13
Suppose 5*m - 5*w = 395, -77 = -m + w + w. Suppose -184 = -2*q - 2*q. Let p = m - q. What are the prime factors of p?
5, 7
Let n be ((-160)/(-6))/(5 - 96/18). Let a = 75 - n. List the prime factors of a.
5, 31
Suppose -112 = 3*s + 158. Let z be s/(-12)*(-20)/6. Let h = 49 + z. What are the prime factors of h?
2, 3
Let a be ((-44)/(-8) + -4)/((-6)/(-280)). Suppose 136 = 2*q + 6*k - 3*k, -q + a = 2*k. List the prime factors of q.
2, 31
What are the prime factors of 2 - (205*-1)/(13/260)?
2, 7, 293
Let y(a) = 5*a - 5. Let v be y(5). Suppose 4*f + 4*x + v = 0, -22 = 3*f - 2*x - 2*x. Let n(i) = -i**2 - 7*i + 2. What are the prime factors of n(f)?
2
Let q = 2 - 2. Let x be 5 - ((-3 - -5) + q). Suppose 0 = -4*l - 2*c + 16, x*c = -5*l - 2*c + 20. What are the prime factors of l?
2
Let l = 3 - 7. Let w be 2*(-60)/(12/l). Suppose 0 = -2*b + j + w, 0 = -0*j + 2*j. What are the prime factors of b?
2, 5
Suppose -5*a + 3*m + 1873 = 183, 0 = -3*a + 2*m + 1014. Suppose 4*o - 2*d + 4*d = a, -4*d + 4 = 0. List the prime factors of o.
2, 3, 7
Suppose 0*b = -4*b. Suppose b = 3*u - 10 - 5. Suppose -10 = u*v - 55. What are the prime factors of v?
3
Let l(y) = 3*y**2 + y. Let r be l(1). Suppose -j + 5 = -r. Let d(a) = a**2 - 6*a + 2. List the prime factors of d(j).
29
Suppose 0 = q - 3 + 1. Let a(l) = l**3 + l**2 - 1. Let t be a(q). Suppose 10*w - t*w + 22 = 0. List the prime factors of w.
2, 11
Suppose -24*h + 3372 + 9132 = 0. List the prime factors of h.
521
Let r(m) = -3*m**3 + 2*m**2 + m + 646. What are the prime factors of r(0)?
2, 17, 19
Let w = 602 + 142. Suppose -4*t = 2*t - w. List the prime factors of t.
2, 31
Suppose 14*t = 2*t + 18768. What are the prime factors of t?
2, 17, 23
Let o(x) = -x**3 + 52*x**2 + 167*x - 76. List the prime factors of o(54).
2, 5, 311
Let f = -2741 - -5554. List the prime factors of f.
29, 97
Let p(l) = -12*l - 7 + 3 - l**2 + 4*l + 9*l**2. What are the prime factors of p(4)?
2, 23
Let p = -160 - -160. Let t = -9 - -17. Suppose p*a + t = 2*a. What are the prime factors of a?
2
Let c be (0 - 1)/(1/8 + 0). What are the prime factors of c/2 + 45 - 4?
37
Let a(u) be the second derivative of 5*u**3/6 + 7*u**2/2 + 2*u. Let i be (4/(-6))/(1/(-6)). What are the prime factors of a(i)?
3
Suppose -8*r + 6566 + 738 = 0. List the prime factors of r.
11, 83
Let x = -30 - -32. Suppose u = -j + 71, x*u + 2*j + 2*j - 136 = 0. What are the prime factors of u?
2, 37
What are the prime factors of (-3 + 1 + 11/5)*955?
191
Let q(s) = -2*s + 36. Let j be q(17). Suppose 324 = 5*l + d + 2*d, -j*d = 4*l - 260. List the prime factors of l.
2, 3, 11
Let l be (-2)/9 + 110/90. List the prime factors of (-4)/(-2) - l - -4.
5
Suppose 4*r = -2*r. Suppose r*k + 15 = 3*k.